-4*w. What is the hundreds digit of w?
3
Suppose 0 = 9*h - 14*h + 3235. Suppose c + 218 = -4*l + h, 3*l - 318 = -2*c. What is the hundreds digit of l?
1
Let z(n) = n - 4. Let t be z(6). Let v(k) = 18 - 9 - 7 + 5*k + 5*k. What is the units digit of v(t)?
2
Let x be 15 + (-12)/(-4) + -2. Suppose 18*b - 304 = x*b. What is the tens digit of b?
5
Let u(d) be the second derivative of 29*d**3/6 - 20*d**2 + 5*d. What is the units digit of u(3)?
7
Suppose -3 + 9 = 3*o. Let j = 33 - 13. What is the tens digit of (-5)/(j/(-112)) - o?
2
Let a = 115 - -601. Suppose 4*t + 2464 + a = 0. What is the tens digit of 6/(-24) + t/(-12)?
6
Let x be 12/(-16) - (580/(-16))/(-5). Let s(a) = -a**2 - 2*a - 1. Let j(m) = m**2 + 3*m + 2. Let l(q) = 3*j(q) + 2*s(q). What is the units digit of l(x)?
8
Suppose -13 = -4*p + 23. Let n(v) = -9 + v**3 - p + 15 + 7*v**2 - 3*v. What is the units digit of n(-5)?
2
What is the tens digit of (1340/(-14))/(0 - 7/49)?
7
Suppose -5*u + 99 + 71 = 4*j, 4*j = -3*u + 110. Suppose 0 = 5*p - 4*f - 291 + 51, 201 = 4*p - 5*f. Let n = p - u. What is the units digit of n?
4
Suppose 3*h - 7 = -0*h - 2*p, 4*h + 2*p - 6 = 0. Let c(x) = -17*x - 1. What is the units digit of c(h)?
6
Let d(a) = -a**2 - a + 2. Let s be d(1). Suppose 2*o - 5*f + 14 + 0 = s, -5*f = 0. Let b = 2 - o. What is the units digit of b?
9
Suppose 4*t - 455 = 37. What is the tens digit of t?
2
Suppose 5*y - 5*q - 1973 - 127 = 0, -4*y + 2*q = -1674. Suppose y - 65 = 4*x. What is the tens digit of x?
8
Suppose 14*z - 18 = -74. What is the units digit of ((-206)/z)/(1/2)?
3
Let t(a) = 108*a**2 - 2*a - 2. Let c(v) = -3*v + 8. Let w be c(3). What is the tens digit of t(w)?
0
Let k = -195 - -344. Let l = k + -57. What is the tens digit of l?
9
Let j(k) = -k**2 + 5*k + 4. Suppose -32 = -11*p + 7*p. Let f be j(p). What is the units digit of ((-105)/f)/((-6)/(-32))?
8
Let y = -622 - -1185. What is the hundreds digit of y?
5
Let q(z) be the first derivative of -z**5/60 + 11*z**4/24 + 4*z**3/3 - z**2/2 - 1. Let b(s) be the second derivative of q(s). What is the units digit of b(10)?
8
Suppose -13*r = -3431 - 7606. What is the tens digit of r?
4
What is the hundreds digit of (20/(-7))/((-56)/2352)?
1
Suppose 66*l - 27 = 69*l. Let r(a) = -a**3 - 6*a**2 + 6*a + 9. What is the hundreds digit of r(l)?
1
Let v(a) = -446*a + 4. What is the units digit of v(-1)?
0
Let n(v) = 27*v**2 + 6*v - 1. Let o = -65 - -67. What is the tens digit of n(o)?
1
Suppose -3*w + w - 31 = -5*q, -4*w + 8 = 0. Suppose 3*y - i - 397 = 0, q*y + 4*i = 3*y + 524. What is the units digit of y?
2
Let f(n) = n**2 + 8*n + 6. Let k be f(-6). Let y(s) = s**2 + 3*s - 8. Let h be y(k). What is the tens digit of 174/h + (-6)/15?
1
Let r be 5/(30/292)*3. Let c be (-8)/4 + -1 + r. Suppose -4*u = 4*l - 5*u - c, 0 = u + 3. What is the tens digit of l?
3
Let c = 8 - 6. Suppose 3*d + 19 = 5*h, -c*h + 2 = 4*d - 16. Suppose -y + 5*y = 2*x + 106, 0 = -d*y - 3*x + 33. What is the units digit of y?
4
Suppose 3*y - 4*n = -17, 0*n + n = -5*y - 59. Let q = y + 7. What is the units digit of 54/q*-2 + -3?
4
Let j be (-1)/((-4 - -2)/6). Let r be -4 - (j + -18 - -3). Let l = 27 - r. What is the units digit of l?
9
Suppose -i + 155 = -21. What is the tens digit of i?
7
Let u = 1041 + -405. What is the units digit of u?
6
Let v = 10 + -6. Suppose 2*c + 19 = k, -4*k + 56 = v*c - 8. Suppose -40 - k = -3*x. What is the tens digit of x?
1
What is the tens digit of ((-42)/(-28))/(-2 - (-382)/188)?
4
Let q = 24 + -24. Suppose 3*v - 2*v - 83 = q. What is the tens digit of v?
8
Suppose 0 = 5*p - 5*f - 35, -2*f = -4*p - f + 31. Suppose -5*j = p - 28. Suppose j*u - 24 = -0*u. What is the units digit of u?
6
Suppose -w - 3*m = -1 - 69, -4*w = 2*m - 280. Let a = w + -45. Suppose -y + 5*j + a = 0, 0 = -4*y - 2*j + 71 + 7. What is the units digit of y?
0
What is the hundreds digit of 119/28*16/4*35?
5
Let z = 119 + -51. Let p = -18 + z. What is the tens digit of p?
5
Let b(k) = -3*k**3 - 6*k**2 + k - 18. Let i be b(-5). Suppose o = -2*m + i, -3*o + 3*m + 624 + 9 = 0. What is the hundreds digit of o?
2
Let b(j) = -73*j**3 + 23*j**2 + 71*j + 1. What is the thousands digit of b(-4)?
4
Let l be 3/((-6)/(-10))*11. Let m(h) = -h**3 - 5*h**2 - 8*h - 7. Let t be m(-6). Let f = t - l. What is the units digit of f?
2
What is the tens digit of (-2486*1)/(2/(15 + -16))?
4
Let y = 171 + -97. Let a = y + -113. Let n = a + 60. What is the tens digit of n?
2
Let u be -2*(-2)/(-4) - (8 - 13). What is the units digit of 35 + 11 - -2*6/u?
9
Let i(t) = -t**3 + t**2 + t + 12. Let l be i(0). Let y = l - 11. What is the units digit of y?
1
Let c(j) = 3977*j**2 + 2*j - 7. What is the hundreds digit of c(1)?
9
Let j(o) = -o**3 - 6*o**2 - 8*o + 7. Suppose -5*u - 5*v - 10 = 0, -v = 5*u - 4 + 34. What is the hundreds digit of j(u)?
1
Suppose 5*l - 704 = -4*y + l, -5*y + 890 = 3*l. Let o = -60 + y. What is the tens digit of o?
2
Let n = 54 - -207. What is the tens digit of n?
6
What is the hundreds digit of ((-297)/(-2) - 0)/((-214)/(-2140))?
4
Suppose 3*c + 0*c = 5*l + 2187, 4*c = -4*l + 2948. What is the hundreds digit of c?
7
Suppose -56*k = -54*k - 5256. What is the units digit of k?
8
Suppose 7*d - 1947 - 384 = 0. What is the tens digit of d?
3
What is the units digit of (-5664)/(-20) + 6/(-30)?
3
What is the units digit of (9/(-9))/((-4)/(-1 + 3049))?
2
Let g(o) = 14*o - 10. What is the hundreds digit of g(18)?
2
Suppose 2*h - h = -3. Let y be (-4)/(1/(h - -49)). What is the units digit of y/(-12) - 2/6?
5
Let i(x) = x + 6. Let r be i(-4). Suppose w + r*p - 98 = -3*w, -68 = -4*w + 4*p. Let a = w - -2. What is the units digit of a?
4
Let w(a) = 14*a + 2. Let j be (-2)/(-14) - (-258)/(-42). Let h(i) = i. Let u(l) = j*h(l) + w(l). What is the tens digit of u(6)?
5
What is the thousands digit of 1121 + 32/56 + 9/21?
1
Suppose -5*i + 14*i = 27. Let w be 6/(-4)*8/(-3). Suppose w = i*r - 5. What is the units digit of r?
3
Suppose 1 = 6*f + 19. What is the hundreds digit of (((-609)/(-6))/7)/(f/(-54))?
2
Let o = 543 - 99. What is the tens digit of o?
4
Let w(m) = -m**3 - 7*m**2 - 10*m - 35. Let j be w(-8). Suppose 0 = 2*u - g - 198, 2*u + 2*g = u + j. What is the tens digit of u?
0
Let n be 1/(-3 - (-51)/18). Let v(y) = y**3 + 5*y**2 - 7*y - 4. Let u be v(n). Suppose -u*x + 18 = -24. What is the units digit of x?
1
Suppose -33*d + 972 = -30*d. What is the hundreds digit of d?
3
Let f(s) be the second derivative of -s**3/3 - 5*s**2/2 + 16*s. Let z(a) = -a + 1. Let c be z(6). What is the units digit of f(c)?
5
Suppose 2*o = f - 7 + 4, 2*o = -5*f + 27. What is the units digit of ((-17)/(-4) - f)*-4?
3
Let k(g) = 7*g + 3. Let t(b) = 3*b + 1. Let y(n) = 2*k(n) - 5*t(n). Suppose -77*d = -83*d. What is the units digit of y(d)?
1
Let o(a) = -19*a - 27. Let v(x) = 1. Let j(w) = o(w) + 6*v(w). What is the tens digit of j(-5)?
7
Let r(p) = -3*p + 85. Let o be r(-15). Suppose -6*h + o + 176 = 0. What is the tens digit of h?
5
Suppose -2*x + 3620 - 723 = -3*i, 3*x = -i + 4329. What is the hundreds digit of x?
4
Let d = -52 + 55. Suppose -3*s = 2*y - 4*s - 164, d*y - 3*s = 246. What is the units digit of y?
2
What is the units digit of (-2 - (-1456)/32)/(1/62)?
7
Let r(q) = q - 10. Let v be r(7). Let l = 40 - v. What is the tens digit of l?
4
Let q(v) = 7*v - 2. Let r be q(4). Let g = -566 - -572. Suppose 2*y = -5*b + r, -4*b - g = -b. What is the tens digit of y?
1
Suppose 9*l = 7*l + 124. Suppose 3*p = j - l, 5*p + 18 = -3*j + 246. What is the tens digit of j?
7
Let g(q) = q + 2. Let s(v) = -31*v + 23. Let z(j) = -5*g(j) + s(j). What is the tens digit of z(-3)?
2
Suppose -i + 4*v = -212, -187 - 252 = -2*i + 3*v. What is the tens digit of i?
2
Let m = 79 - 58. Let k(o) = 4*o - 26. What is the units digit of k(m)?
8
Let h = -11 - 58. Let m = 83 - h. Suppose 4*g + 0*g = m. What is the tens digit of g?
3
What is the hundreds digit of (912/(-10))/(-6 + (-1144)/(-195))?
6
Let l be (-928)/(-15) + 26/195. Suppose -206 + l = -4*z. What is the tens digit of z?
3
Let v = 1763 + -1083. What is the tens digit of v?
8
Let h(a) = a**3 + 3*a**2 - a + 2. Let c be h(-3). Suppose -c = -2*w + 3. Let v(l) = l**3 - l**2 - 5*l + 2. What is the units digit of v(w)?
0
Let d(c) = -2*c**2 - 76*c + 6. What is the units digit of d(-